0*q**3 - 38*q + 1 + 18*q**2 + 7 + 19*q + q**3. What is s(-19)?
8
Suppose -210*f + 235*f = 200. Let z(u) = -u**3 + 11*u**2 - 29*u + 24. What is z(f)?
-16
Let z = -137 - -147. Let d(w) = -6*w - 5*w + 2*w + z*w. Calculate d(1).
1
Let o(b) be the third derivative of -b**5/60 + 7*b**4/24 - b**3/3 - 1793*b**2 - b. Determine o(5).
8
Let k = -8 - -5. Let t(p) = 5*p + p - 11*p - 10. Let j(z) = -12*z - 22. Let g(l) = -2*j(l) + 5*t(l). Calculate g(k).
-3
Let j(x) = 2*x + 7. Let c = 41056 + -41080. Calculate j(c).
-41
Let b(t) be the first derivative of -t**2 + 2*t - 196. Let s(p) = -3*p + 7. Let o(c) = 5*b(c) - 3*s(c). Give o(-10).
-1
Let y be (-12)/24 + 1/2. Let g(f) be the first derivative of f**3 + 1/4*f**4 - 16 + y*f**2 + 2*f. Calculate g(-3).
2
Let x(l) = -6 - 11*l + 13 + 18. Let o(f) = -3*f + 31. Let i(s) = 2*s - 15. Let a(g) = -7*i(g) - 3*o(g). Let h(v) = -13*a(v) + 6*x(v). Give h(-5).
-1
Let a(q) = -q**3 - 7*q**2 - 9*q - 14. Let g be a(-6). Suppose -21 - 3 = -g*l - 4*u, 4*u + 42 = 2*l. Let s(v) = 9 - 16 + l - 4*v**2 + v**3. Determine s(4).
4
Let f(w) = w + 3 - 5 + 1 - 2. Let k(x) = 2*x**3 - 7*x**2 - 8*x - 5. Let j be k(6). Suppose -7 = -126*l + j*l. Give f(l).
-10
Let k(b) = -b**3 - 6*b**2 + 5*b - 9. Let n = -147 - -144. Let i be 14/9*n*(-6)/(-4). Calculate k(i).
5
Let p(i) = -2*i**3 - 14*i**2 + 4*i + 15. Let n be 3 - (16/(-12))/(10/(-75)). Let g be p(n). Let h(c) = c**2 + 14*c. Calculate h(g).
-13
Let q(y) = 19 + 4*y - 6 + 1 + 5*y + 21*y - 6*y**2. Give q(5).
14
Let g(x) be the first derivative of -x**4/4 - 3*x**3 - x + 2. Let u be (9/(-5))/(1298/(-110) + 12). Give g(u).
-1
Let s(x) = -x**2 - 2*x - 3. Suppose 3*h = -12, -3*h + 0*h + 1020 = 4*y. Let w = y - 260. What is s(w)?
-3
Let p(o) = o + 6. Let w(x) = 23 - 16*x + 14*x - 50 - 48. Let a be w(-31). What is p(a)?
-7
Suppose -5*m + 25 = 2*b + b, b - 3*m + 1 = 0. Suppose 0 = -i - 88 + b. Let u = -78 - i. Let a(v) = -v**2 + 3*v. What is a(u)?
-10
Let q be ((-14)/(-21))/(-3 - (-10)/3). Let n(f) = -f**2 - 6*f**q + 4*f**2 + 5*f - 4. Let j be n(2). Let x(y) = y**2 + 8*y + 5. Give x(j).
-7
Let n(o) be the second derivative of -122*o + 0 + 3/2*o**2 + 7/12*o**4 + 5/6*o**3 + 1/20*o**5. What is n(-5)?
28
Let x(z) = 29*z - 1. Let s(f) be the third derivative of -f**5/30 + f**4/4 - f**3/2 + 2*f**2 + 22*f. Let y be s(2). Give x(y).
28
Suppose -4*d + 16*d = 0. Let a be (0 + d + 3)/(2/(-4)). Let r(z) = -z + z + 3*z + 14 - 2*z. What is r(a)?
8
Let i(x) = 22*x + 1. Let g be 10/(-15)*3 + 2. Let d be i(g). Let p(q) = 3*q - 3. Let z(s) = -2*s + 2. Let n(v) = 3*p(v) + 5*z(v). Determine n(d).
0
Let w be -4 - (-8 - (3 - 6)). Let l be -2 + (0/w - -2). Let d(b) = 2*b**2 + b - 2*b**2 + 6 + 0*b**2 - b**2. Calculate d(l).
6
Let b = -19394 + 19409. Let m(o) be the first derivative of -9*o - 1/4*o**4 - b + 9/2*o**2 + 4/3*o**3. Give m(6).
-27
Suppose -5776*m = -5745*m. Let a(t) be the third derivative of 0*t - 1/60*t**5 + 18*t**2 - 7/3*t**3 + 0*t**4 + m. Give a(0).
-14
Let g(t) = t**3 + 10*t**2 + t + 8. Let z be g(-9). Let h be (-4 - z/(-15)) + 2/(-6). Let v be h*2/((-8)/(-4)). Let p(d) = 3*d + 1. Give p(v).
4
Suppose -6*x = -5*p + 25, -p - 25 = -2*x - 6*p. Let h(u) = -u - 58. Calculate h(x).
-58
Let f(a) = a**2 - 7*a - 9. Let d(u) = 9*u - 32. Let j(m) = -3*m + 1. Let y(g) = -d(g) - 6*j(g). Let v be y(-2). Give f(v).
-1
Let d(l) be the second derivative of 2*l - 7/6*l**3 - 1/12*l**4 - 3*l**2 + 0. Let x = -258 + 254. What is d(x)?
6
Let v(n) = -7*n + 11. Let j(b) = 58*b - 113. Let d(p) = 2*j(p) + 18*v(p). Calculate d(-4).
12
Suppose 0 = 3*n - 6*n + 30. Suppose 5*d - 8 - 57 = -5*p, 0 = -2*p + n. Let x(w) be the second derivative of -w**4/12 + 4*w**3/3 + 2*w**2 + 17*w. Calculate x(d).
4
Let v(h) = h - 23. Let l(z) = z**3 - 8*z**2 - 19*z - 136. Let c be l(11). Calculate v(c).
-5
Let y(q) = -q**3 - 20*q**2 + 20*q - 35. Let c(n) = -42*n - 1827. Let g be c(-43). What is y(g)?
-14
Let i(y) be the third derivative of y**6/60 + 3*y**5/20 + y**4/3 + 5*y**3/3 - 5031*y**2 + 2. What is i(-3)?
13
Let b(y) = 6*y - 5. Let p(d) = -4*d - 276. Let w be p(-70). Determine b(w).
19
Let j = -2 - 1. Let a(t) = -31682*t**2 + 10561*t**2 + 10562*t**2 - 1 + 10558*t**2 - 2*t. Give a(j).
-4
Let d(u) = 2*u - 1. Let v(s) = 2*s**2 + 24*s - 19. Let w(f) = -5*d(f) + v(f). Let b be w(-8). Let o(z) = 31 + 29 - 69 + z**b. Calculate o(0).
-9
Suppose 3*l + 9 = 24. Let b(y) be the third derivative of y**4/8 - 7*y**3/6 - 55104*y**2. Calculate b(l).
8
Let o(c) = c**2 + c + 1. Let g be ((-5)/4 - -2)*4. Suppose 0 = -g*d + 55 - 19. Let t be 3*((-2)/d)/((-6)/(-24)). Give o(t).
3
Let h(l) = l**3 - 4*l**2 - 8*l - 2. Let d = -164 + 170. What is h(d)?
22
Let p(l) = -3*l. Let i(x) = -13*x + 2. Let h(c) = -i(c) + 8*p(c). Calculate h(1).
-13
Let i(z) = z**2 + 7*z - 38. Let w be i(4). Let f(r) = -w + 7*r**2 + 12*r - 6*r**2 - 5 + 5. Calculate f(-11).
-17
Let n = 7929 - 7929. Let r(h) be the third derivative of -6*h**2 + 1/12*h**4 + 1/6*h**3 + 0*h + n. Give r(6).
13
Suppose -24 + 4 = -4*i + 2*z, 3*z + 2 = -i. Let w(p) = 269*p**3 - 76*p**3 - 4*p**2 - 53*p**3 - 73*p**3 - 66*p**3 - 3*p + 6*p + 5. What is w(i)?
17
Let c(o) = -3*o + 1. Let b = -39 - -54. Let g be (-9)/b + ((-1272)/(-5))/4. Let y = g + -68. Calculate c(y).
16
Let j(h) = h**3 + 15*h**2 - 16*h + 2. Let k be j(-16). Suppose 4*w + 7 = 4*l - 9, -2*w - 4 = k*l. Let r(p) = -8*p - 3 + 2*p - 2*p**2 + 2*p. Give r(w).
-9
Let b(k) = 12 + k + 0 - 6 + 1 - 3. Suppose 2*v = f + 3, -10*v + 4*f - 24 = -14*v. What is b(v)?
7
Let i(t) be the first derivative of 8*t**3/3 + 3*t**2/2 - 2*t + 6619. Determine i(1).
9
Suppose 5*g + 20 = 3*i, 3 - 4 = 3*g - 4*i. Let p(r) = r**3 + 7*r**2 + 5*r + 2. Calculate p(g).
-33
Let f(a) = -10*a**2 + 2*a - 12. Let v(s) = s**3 - s**2 - s - 2. Let g(b) = f(b) - v(b). What is g(-9)?
-37
Let i(r) = 14*r + 6. Suppose -u - z - 2 = 0, 31 = -21*u + 16*u + 2*z. Give i(u).
-64
Let d(c) = -5*c - 2. Let q(g) = -4*g - 1. Let x(v) = -3*d(v) + 4*q(v). Let f be (2 - 7)*(-28)/35. Give x(f).
-2
Suppose 373*c = 279*c + 439 + 407. Let h(u) = 9*u - 76. Give h(c).
5
Let q = 4 + -5. Let j be q*8/12*-3. Let p(z) be the first derivative of -z**4/4 + 4*z**3/3 - z**2 + 2*z - 31. What is p(j)?
6
Let k be 72/6 - (3 + 1). Let n(f) = 1 + 8*f + 2 - k + 2 - f**2. Calculate n(5).
12
Let m be 25/35 - 176/(-28). Let p(x) = -m*x**2 + 1 + 145*x + 8*x**2 + 3 - 139*x. Let i = 2 + -8. Calculate p(i).
4
Let w(i) = -2*i**3 + 48*i**2 - 48*i + 50. Let c be w(23). Suppose c*h - 28 = 2*z - 12, -2*z - 4 = -h. Let x(k) = -k**3 + 5*k**2 - 5*k - 3. Calculate x(h).
-7
Let r(v) = -5*v - v**2 + 4 - 11*v**3 + 2 + 4*v**2 - 3. Let l(a) = 20*a**3 - 6*a**2 + 9*a - 6. Let j(m) = -6*l(m) - 11*r(m). Calculate j(-2).
5
Suppose -6*m + 7*l - 61 = 8*l, 2*l = m + 8. Let g(u) = u**3 + 9*u**2 - 14*u + 2. Calculate g(m).
42
Let r(v) = -2*v**3 - 12*v**2 - 19*v - 9. Let s be r(-4). Let h(t) = 50*t**s - 10 - 49*t**3 + 5 + 4 + t**2 + t + t. What is h(-2)?
-9
Suppose -14*v = -13*v + 3. Let w be 3/(-9)*2*v*1. Let a(n) = 6*n + 1. Let p(t) = -t + 1. Let k(d) = w*p(d) + a(d). Determine k(-4).
-13
Let g(i) = 38 - 26 - 21 - 5*i**3. Let x(b) = 14*b**3 + b**2 + 26. Let s(p) = -17*g(p) - 6*x(p). What is s(6)?
-3
Let n be ((-6)/10)/(6/150*-5). Let t(b) = 2*b - 37*b**n - 3*b**2 + 13*b**3 + 23*b**3 + 0*b + 4. What is t(-3)?
-2
Let f(o) = 2*o - 25. Let k(n) = -2*n**2 - 86*n + 392. Let c be k(-47). Give f(c).
7
Let r = 448 + -449. Let t(v) be the second derivative of 19*v**4/12 + v**3/3 + v**2/2 + 38*v. Calculate t(r).
18
Let m(i) = -168*i - 21. Let x(d) = -185*d - 19. Let o(p) = 11*m(p) - 10*x(p). Calculate o(14).
-13
Let d(h) be the first derivative of h**3/3 + 3*h**2 - 3*h + 2314. Determine d(-3).
-12
Let h(s) = -s**3 - 8*s**2 + 34*s + 275. Let b be h(-7). Let u(q) = q**3 + 12*q**2 + 5*q - 21. Determine u(b).
-81
Let h(l) be the third derivative of l**6/120 - 13*l**5/30 - 9*l**4/8 - 9*l**3/2 + l**2 - 507*l - 4. What is h(27)?
-27
Let h be 1 - (-2 + 2)/2. Let t(x) be the third derivative of 0*x - 11/120*x**6 - 1/60*x**5 - 1/24*x**4 - 1 + 19*x**2 + 1/6*x**3. Determine t(h).
-12
Let s(m) = 17*m**2 + 10*m - 14. Let k be s(1). Let b(y) = y**3 - 15*y**2 + 26*y + 11. Calculate b(k).
11
Let x(i) be the third derivative of i**5/15 + i**4/24 + 7*i**2 + 1. Suppose d - 1 = 2*r, -8 = 23*r - 25*r + 4*d. De